35?
5, 191, 757
List the prime factors of 20111974.
2, 127, 79181
List the prime factors of 120416.
2, 53, 71
What are the prime factors of 45680?
2, 5, 571
What are the prime factors of 14198331?
3, 7, 676111
List the prime factors of 2806717.
17, 107, 1543
List the prime factors of 481397.
7, 68771
What are the prime factors of 635287?
635287
What are the prime factors of 199610?
2, 5, 19961
List the prime factors of 15865879.
17, 797, 1171
List the prime factors of 6639134.
2, 23, 101, 1429
What are the prime factors of 1403958?
2, 3, 233993
List the prime factors of 5423643.
3, 602627
List the prime factors of 155053.
47, 3299
What are the prime factors of 7479545?
5, 67, 83, 269
List the prime factors of 11226972.
2, 3, 935581
What are the prime factors of 5020833?
3, 313, 5347
What are the prime factors of 4071925?
5, 11, 13, 17, 67
List the prime factors of 320203.
13, 24631
List the prime factors of 1029006.
2, 3, 11, 5197
What are the prime factors of 1540741?
29, 53129
List the prime factors of 242200.
2, 5, 7, 173
List the prime factors of 708083.
71, 9973
What are the prime factors of 1830884?
2, 11, 41611
List the prime factors of 5942244.
2, 3, 7, 11, 59, 109
List the prime factors of 1093552.
2, 41, 1667
List the prime factors of 4129952.
2, 129061
List the prime factors of 3932798.
2, 1966399
What are the prime factors of 210024?
2, 3, 2917
What are the prime factors of 271383?
3, 7, 12923
List the prime factors of 791479.
13, 107, 569
What are the prime factors of 4099405?
5, 23, 43, 829
List the prime factors of 123170.
2, 5, 109, 113
List the prime factors of 41040582.
2, 3, 11, 67, 9281
List the prime factors of 5492103.
3, 1830701
What are the prime factors of 132912?
2, 3, 13, 71
What are the prime factors of 14801053?
14801053
List the prime factors of 31403707.
863, 36389
List the prime factors of 3169848.
2, 3, 11, 12007
List the prime factors of 9678489.
3, 29, 53, 2099
List the prime factors of 10027686.
2, 3, 43, 38867
What are the prime factors of 325344?
2, 3, 3389
List the prime factors of 11657462.
2, 149, 39119
What are the prime factors of 282692?
2, 29, 2437
What are the prime factors of 1009891?
67, 15073
What are the prime factors of 296796?
2, 3, 24733
List the prime factors of 4760267.
31, 153557
What are the prime factors of 1242603?
3, 101, 1367
What are the prime factors of 557855?
5, 17, 6563
List the prime factors of 569064.
2, 3, 131, 181
What are the prime factors of 8030923?
193, 41611
What are the prime factors of 4955209?
7, 707887
What are the prime factors of 7516583?
7516583
List the prime factors of 1653667.
29, 127, 449
What are the prime factors of 10951265?
5, 13, 168481
What are the prime factors of 2000941?
2000941
List the prime factors of 168063.
3, 7, 53, 151
What are the prime factors of 5777513?
7, 37, 22307
List the prime factors of 8937524.
2, 19, 23, 5113
List the prime factors of 16340.
2, 5, 19, 43
What are the prime factors of 8514167?
139, 61253
What are the prime factors of 10606?
2, 5303
List the prime factors of 384676.
2, 17, 5657
What are the prime factors of 291773?
283, 1031
List the prime factors of 75586.
2, 7, 5399
List the prime factors of 521251.
521251
What are the prime factors of 2287175?
5, 11, 8317
List the prime factors of 764168.
2, 59, 1619
What are the prime factors of 5930462?
2, 223, 13297
List the prime factors of 3593312.
2, 112291
What are the prime factors of 1577836?
2, 13, 19, 1597
List the prime factors of 108121.
13, 8317
What are the prime factors of 4045174?
2, 7, 113, 2557
List the prime factors of 115422.
2, 3, 19237
List the prime factors of 7835791.
7835791
What are the prime factors of 10197827?
10197827
List the prime factors of 4321328.
2, 11, 43, 571
List the prime factors of 339054.
2, 3, 56509
What are the prime factors of 214564?
2, 7, 79, 97
What are the prime factors of 6489130?
2, 5, 43, 15091
What are the prime factors of 238797?
3, 13, 157
List the prime factors of 858743.
19, 45197
List the prime factors of 83117.
83117
List the prime factors of 527511.
3, 175837
List the prime factors of 125397.
3, 13933
List the prime factors of 1192122.
2, 3, 103, 643
What are the prime factors of 579075?
3, 5, 7, 1103
List the prime factors of 13808624.
2, 17, 50767
What are the prime factors of 280403?
43, 6521
List the prime factors of 108786.
2, 3, 18131
List the prime factors of 2756632.
2, 317, 1087
List the prime factors of 296952.
2, 3, 12373
List the prime factors of 223024.
2, 53, 263
What are the prime factors of 719489?
421, 1709
List the prime factors of 339963.
3, 13, 23, 379
List the prime factors of 16153794.
2, 3, 897433
List the prime factors of 178241.
7, 25463
What are the prime factors of 15411199?
15411199
What are the prime factors of 2695191?
3, 37, 24281
List the prime factors of 12281385.
3, 5, 617, 1327
List the prime factors of 689746.
2, 344873
What are the prime factors of 125225?
5, 5009
List the prime factors of 280281.
3, 93427
List the prime factors of 1084824.
2, 3, 13, 19, 61
What are the prime factors of 180199?
79, 2281
What are the prime factors of 38672536?
2, 7, 61, 11321
List the prime factors of 103615.
5, 17, 23, 53
What are the prime factors of 3865619?
383, 10093
List the prime factors of 1110451.
31, 113, 317
List the prime factors of 1004296.
2, 47, 2671
What are the prime factors of 4747683?
3, 23, 83, 829
List the prime factors of 413363.
353, 1171
List the prime factors of 645063.
3, 53, 4057
List the prime factors of 268436.
2, 7, 9587
List the prime factors of 99757.
7, 14251
What are the prime factors of 482186?
2, 241093
What are the prime factors of 607746?
2, 3, 199, 509
What are the prime factors of 327328?
2, 53, 193
List the prime factors of 21746859.
3, 17, 653
What are the prime factors of 2995861?
11, 272351
List the prime factors of 2062140.
2, 3, 5, 34369
List the prime factors of 33157.
71, 467
What are the prime factors of 9278899?
7, 1325557
What are the prime factors of 3738507?
3, 31, 61, 659
List the prime factors of 622780.
2, 5, 31139
List the prime factors of 6440040.
2, 3, 5, 67, 89
What are the prime factors of 901502?
2, 7, 9199
List the prime factors of 214023.
3, 71341
List the prime factors of 6156628.
2, 79, 19483
What are the prime factors of 377507?
13, 71, 409
List the prime factors of 7450662.
2, 3, 61, 20357
List the prime factors of 75489.
3, 25163
What are the prime factors of 494601?
3, 113, 1459
List the prime factors of 2175373.
2175373
What are the prime factors of 106537?
106537
List the prime factors of 282996.
2, 3, 7, 1123
List the prime factors of 5944467.
3, 31, 41, 1559
What are the prime factors of 763498?
2, 381749
What are the prime factors of 86445?
3, 5, 17, 113
List the prime factors of 630695.
5, 13, 31, 313
List the prime factors of 620355.
3, 5, 41357
What are the prime factors of 656763?
3, 29, 7549
What are the prime factors of 1053725?
5, 113, 373
What are the prime factors of 3001990?
2, 5, 317, 947
List the prime factors of 766622.
2, 587, 653
What are the prime factors of 917688?
2, 3, 38237
What are the prime factors of 448223?
59, 71, 107
What are the prime factors of 402580?
2, 5, 20129
What are the prime factors of 18239?
13, 23, 61
List the prime factors of 8497.
29, 293
List the prime factors of 190369.
190369
List the prime factors of 938642.
2, 469321
What are the prime factors of 145565?
5, 7, 4159
What are the prime factors of 1586959?
11, 89, 1621
What are the prime factors of 16043?
61, 263
What are the prime factors of 92744?
2, 11593
What are the prime factors of 2725945?
5, 545189
List the prime factors of 2746.
2, 1373
What are the prime factors of 6738690?
2, 3, 5, 7, 32089
What are the prime factors of 1062940?
2, 5, 53147
What are the prime factors of 25319?
7, 3617
What are the prime factors of 11484311?
43, 409, 653
List the prime factors of 22310067.
3, 13, 572053
What are the prime factors of 861264?
2, 3, 5981
List the prime factors of 1259801.
67, 18803
List the prime factors of 2145550.
2, 5, 11, 47, 83
What are the prime factors of 5289812?
2, 11, 120223
What are the prime factors of 21191592?
2, 3, 79, 11177
List the prime factors of 67542.
2, 3, 11257
List the prime factors of 408624.
2, 3, 851